{"id":719,"date":"2024-01-12T18:03:02","date_gmt":"2024-01-12T17:03:02","guid":{"rendered":"https:\/\/malanew.org\/?page_id=719"},"modified":"2024-02-03T21:13:36","modified_gmt":"2024-02-03T20:13:36","slug":"2023-engagements-et-questions","status":"publish","type":"page","link":"https:\/\/malanew.org\/?page_id=719","title":{"rendered":"2023: Engagements et questions"},"content":{"rendered":"\t\t<div data-elementor-type=\"wp-page\" data-elementor-id=\"719\" class=\"elementor elementor-719\">\n\t\t\t\t<div class=\"elementor-element elementor-element-b98332e e-flex e-con-boxed e-con e-parent\" data-id=\"b98332e\" data-element_type=\"container\" data-e-type=\"container\">\n\t\t\t\t\t<div class=\"e-con-inner\">\n\t\t\t\t<div class=\"elementor-element elementor-element-993557f elementor-widget elementor-widget-heading\" data-id=\"993557f\" data-element_type=\"widget\" data-e-type=\"widget\" data-widget_type=\"heading.default\">\n\t\t\t\t<div class=\"elementor-widget-container\">\n\t\t\t\t\t<h2 class=\"elementor-heading-title elementor-size-default\">2023<\/h2>\t\t\t\t<\/div>\n\t\t\t\t<\/div>\n\t\t\t\t\t<\/div>\n\t\t\t\t<\/div>\n\t\t<div class=\"elementor-element elementor-element-9a00c36 e-flex e-con-boxed e-con e-parent\" data-id=\"9a00c36\" data-element_type=\"container\" data-e-type=\"container\">\n\t\t\t\t\t<div class=\"e-con-inner\">\n\t\t<div class=\"elementor-element elementor-element-5fcc819 e-flex e-con-boxed e-con e-child\" data-id=\"5fcc819\" data-element_type=\"container\" data-e-type=\"container\" data-settings=\"{&quot;background_background&quot;:&quot;classic&quot;}\">\n\t\t\t\t\t<div class=\"e-con-inner\">\n\t\t\t\t<div class=\"elementor-element elementor-element-126a0fa elementor-widget elementor-widget-text-editor\" data-id=\"126a0fa\" data-element_type=\"widget\" data-e-type=\"widget\" data-widget_type=\"text-editor.default\">\n\t\t\t\t<div class=\"elementor-widget-container\">\n\t\t\t\t\t\t\t\t\t<h2><strong>Grandes lignes du Projet NPNRU sur la Maladrerie:&nbsp;<\/strong><\/h2>\n<p>Destruction: 2 pavillons en regard de la parcelle Entra et la co-propri\u00e9t\u00e9 des Joyeux.&nbsp;<\/p>\n<p>Vente de 343 lots \u00e0 la RIVP, mais abandon de la vente \u00ab\u00a0\u00e0 la d\u00e9coupe\u00a0\u00bb.&nbsp;<\/p>\n<p>R\u00e9sidentialisation dont les d\u00e9tails seraient \u00e0 discuter.&nbsp;<\/p><p>R\u00e9novation par l&rsquo;ext\u00e9rieur, locataires en place, sauf pour les pavillons qui seront r\u00e9nov\u00e9s vides (amiante).&nbsp;<\/p>\t\t\t\t\t\t\t\t<\/div>\n\t\t\t\t<\/div>\n\t\t\t\t\t<\/div>\n\t\t\t\t<\/div>\n\t\t\t\t\t<\/div>\n\t\t\t\t<\/div>\n\t\t<div class=\"elementor-element elementor-element-a566b8f e-flex e-con-boxed e-con e-parent\" data-id=\"a566b8f\" data-element_type=\"container\" data-e-type=\"container\">\n\t\t\t\t\t<div class=\"e-con-inner\">\n\t\t\t\t<div class=\"elementor-element elementor-element-375ad97 elementor-widget elementor-widget-heading\" data-id=\"375ad97\" data-element_type=\"widget\" data-e-type=\"widget\" data-widget_type=\"heading.default\">\n\t\t\t\t<div class=\"elementor-widget-container\">\n\t\t\t\t\t<h2 class=\"elementor-heading-title elementor-size-default\">Nos objectifs<\/h2>\t\t\t\t<\/div>\n\t\t\t\t<\/div>\n\t\t\t\t\t<\/div>\n\t\t\t\t<\/div>\n\t\t<div class=\"elementor-element elementor-element-146a78b e-flex e-con-boxed e-con e-parent\" data-id=\"146a78b\" data-element_type=\"container\" data-e-type=\"container\">\n\t\t\t\t\t<div class=\"e-con-inner\">\n\t\t<div class=\"elementor-element elementor-element-5607dc0 e-con-full e-flex e-con e-child\" data-id=\"5607dc0\" data-element_type=\"container\" data-e-type=\"container\">\n\t\t\t\t<div class=\"elementor-element elementor-element-9019cc3 elementor-widget elementor-widget-text-editor\" data-id=\"9019cc3\" data-element_type=\"widget\" data-e-type=\"widget\" data-widget_type=\"text-editor.default\">\n\t\t\t\t<div class=\"elementor-widget-container\">\n\t\t\t\t\t\t\t\t\t<ul><li>Obtenir une concertation pour faire valoir notre point de vue.\u00a0<\/li><li>Informer les habitants<\/li><li>Mettre en valeur la Maladrerie en obtenant son inscription au registre.\u00a0Rendre hommage \u00e0 son architecte Ren\u00e9e Gailhoustet qui vient de d\u00e9c\u00e9der en organisant un \u00e9v\u00e8nement en son honneur.\u00a0Voir les pages <a href=\"https:\/\/malanew.org\/?page_id=2(ouvre un nouvel onglet)\" data-wplink-url-error=\"true\">\u00ab\u00a0Cit\u00e9 de la Maladrerie\u00a0\u00bb.\u00a0<\/a><\/li><\/ul>\t\t\t\t\t\t\t\t<\/div>\n\t\t\t\t<\/div>\n\t\t\t\t<\/div>\n\t\t<div class=\"elementor-element elementor-element-bfd809f e-con-full e-flex e-con e-child\" data-id=\"bfd809f\" data-element_type=\"container\" data-e-type=\"container\">\n\t\t\t\t<div class=\"elementor-element elementor-element-fc750c0 elementor-widget elementor-widget-image\" data-id=\"fc750c0\" data-element_type=\"widget\" data-e-type=\"widget\" data-widget_type=\"image.default\">\n\t\t\t\t<div class=\"elementor-widget-container\">\n\t\t\t\t\t\t\t\t\t\t\t\t\t\t\t<img fetchpriority=\"high\" decoding=\"async\" width=\"300\" height=\"225\" src=\"https:\/\/malanew.org\/wp-content\/uploads\/2024\/01\/Vendredi11Mars-300x225.jpg\" class=\"attachment-medium size-medium wp-image-1297\" alt=\"\" srcset=\"https:\/\/malanew.org\/wp-content\/uploads\/2024\/01\/Vendredi11Mars-300x225.jpg 300w, https:\/\/malanew.org\/wp-content\/uploads\/2024\/01\/Vendredi11Mars-1024x768.jpg 1024w, https:\/\/malanew.org\/wp-content\/uploads\/2024\/01\/Vendredi11Mars-768x576.jpg 768w, https:\/\/malanew.org\/wp-content\/uploads\/2024\/01\/Vendredi11Mars.jpg 1440w\" sizes=\"(max-width: 300px) 100vw, 300px\" \/>\t\t\t\t\t\t\t\t\t\t\t\t\t\t\t<\/div>\n\t\t\t\t<\/div>\n\t\t\t\t<\/div>\n\t\t\t\t\t<\/div>\n\t\t\t\t<\/div>\n\t\t<div class=\"elementor-element elementor-element-e1c5fe9 e-flex e-con-boxed e-con e-parent\" data-id=\"e1c5fe9\" data-element_type=\"container\" data-e-type=\"container\">\n\t\t\t\t\t<div class=\"e-con-inner\">\n\t\t\t\t<div class=\"elementor-element elementor-element-e8ca06b elementor-widget elementor-widget-heading\" data-id=\"e8ca06b\" data-element_type=\"widget\" data-e-type=\"widget\" data-widget_type=\"heading.default\">\n\t\t\t\t<div class=\"elementor-widget-container\">\n\t\t\t\t\t<h2 class=\"elementor-heading-title elementor-size-default\">Nos actions<\/h2>\t\t\t\t<\/div>\n\t\t\t\t<\/div>\n\t\t\t\t\t<\/div>\n\t\t\t\t<\/div>\n\t\t<div class=\"elementor-element elementor-element-0f44a0b e-flex e-con-boxed e-con e-parent\" data-id=\"0f44a0b\" data-element_type=\"container\" data-e-type=\"container\">\n\t\t\t\t\t<div class=\"e-con-inner\">\n\t\t<div class=\"elementor-element elementor-element-98ccb82 e-con-full e-flex e-con e-child\" data-id=\"98ccb82\" data-element_type=\"container\" data-e-type=\"container\">\n\t\t\t\t<div class=\"elementor-element elementor-element-3b7e091 elementor-widget elementor-widget-text-editor\" data-id=\"3b7e091\" data-element_type=\"widget\" data-e-type=\"widget\" data-widget_type=\"text-editor.default\">\n\t\t\t\t<div class=\"elementor-widget-container\">\n\t\t\t\t\t\t\t\t\t<p>R\u00e9union \u00e0 la mairie le 26 Janvier 2023, avec des repr\u00e9sentants du collectif.\u00a0<\/p><p><a class=\"wixui-rich-text__text\" href=\"https:\/\/7b09b6c6-7993-4fa7-b7fe-d92a0e26e7ed.usrfiles.com\/ugd\/7b09b6_cd1735d517dd49a0b629cf35a9203ecf.pdf\" target=\"_blank\" rel=\"noreferrer noopener\">Compte rendu de la r\u00e9union\u00a0 <\/a><\/p><p>On nous promet des r\u00e9ponses \u00e9crites \u00e0 nos questions et les diagnostics amiante.\u00a0<\/p><p><a href=\"https:\/\/malanew.org\/wp-content\/uploads\/2024\/01\/reponse_courrier-COLL-MALA-0323.docx-1.pdf\">R\u00e9ponse de la municipalit\u00e9<\/a> transmise par Monsieur Vallet.\u00a0<\/p><p><a href=\"https:\/\/malanew.org\/wp-content\/uploads\/2024\/01\/20220415_CollMALA_Vallet.pdf\">Notre r\u00e9ponse<\/a>.\u00a0<\/p>\t\t\t\t\t\t\t\t<\/div>\n\t\t\t\t<\/div>\n\t\t\t\t<\/div>\n\t\t<div class=\"elementor-element elementor-element-681b31f e-con-full e-flex e-con e-child\" data-id=\"681b31f\" data-element_type=\"container\" data-e-type=\"container\">\n\t\t\t\t<div class=\"elementor-element elementor-element-5d6aaf8 elementor-widget elementor-widget-image\" data-id=\"5d6aaf8\" data-element_type=\"widget\" data-e-type=\"widget\" data-widget_type=\"image.default\">\n\t\t\t\t<div class=\"elementor-widget-container\">\n\t\t\t\t\t\t\t\t\t\t\t\t\t\t\t<img decoding=\"async\" width=\"300\" height=\"200\" src=\"https:\/\/malanew.org\/wp-content\/uploads\/2024\/01\/web_DSCF0251-300x200.jpg\" class=\"attachment-medium size-medium wp-image-1321\" alt=\"\" srcset=\"https:\/\/malanew.org\/wp-content\/uploads\/2024\/01\/web_DSCF0251-300x200.jpg 300w, https:\/\/malanew.org\/wp-content\/uploads\/2024\/01\/web_DSCF0251-1024x683.jpg 1024w, https:\/\/malanew.org\/wp-content\/uploads\/2024\/01\/web_DSCF0251-768x512.jpg 768w, https:\/\/malanew.org\/wp-content\/uploads\/2024\/01\/web_DSCF0251.jpg 1200w\" sizes=\"(max-width: 300px) 100vw, 300px\" \/>\t\t\t\t\t\t\t\t\t\t\t\t\t\t\t<\/div>\n\t\t\t\t<\/div>\n\t\t\t\t<\/div>\n\t\t\t\t\t<\/div>\n\t\t\t\t<\/div>\n\t\t<div class=\"elementor-element elementor-element-91ac71c e-flex e-con-boxed e-con e-parent\" data-id=\"91ac71c\" data-element_type=\"container\" data-e-type=\"container\">\n\t\t\t\t\t<div class=\"e-con-inner\">\n\t\t<div class=\"elementor-element elementor-element-6385635 e-flex e-con-boxed e-con e-child\" data-id=\"6385635\" data-element_type=\"container\" data-e-type=\"container\">\n\t\t\t\t\t<div class=\"e-con-inner\">\n\t\t<div class=\"elementor-element elementor-element-6f13755 e-con-full e-flex e-con e-child\" data-id=\"6f13755\" data-element_type=\"container\" data-e-type=\"container\">\n\t\t\t\t<div class=\"elementor-element elementor-element-441a2e8 elementor-widget-divider--view-line elementor-widget elementor-widget-divider\" data-id=\"441a2e8\" data-element_type=\"widget\" data-e-type=\"widget\" data-widget_type=\"divider.default\">\n\t\t\t\t<div class=\"elementor-widget-container\">\n\t\t\t\t\t\t\t<div class=\"elementor-divider\">\n\t\t\t<span class=\"elementor-divider-separator\">\n\t\t\t\t\t\t<\/span>\n\t\t<\/div>\n\t\t\t\t\t\t<\/div>\n\t\t\t\t<\/div>\n\t\t\t\t<div class=\"elementor-element elementor-element-8aee710 elementor-widget elementor-widget-text-editor\" data-id=\"8aee710\" data-element_type=\"widget\" data-e-type=\"widget\" data-widget_type=\"text-editor.default\">\n\t\t\t\t<div class=\"elementor-widget-container\">\n\t\t\t\t\t\t\t\t\t<p>C<a href=\"https:\/\/malanew.org\/wp-content\/uploads\/2024\/01\/093_COM-ENG_NPNRU_JUIN-2023_Plaine-Com_Avis_CE_du_22-06-2023_version_validee-1.pdf\">omit\u00e9 d&rsquo;engagement de l&rsquo;ANRU<\/a>\u00a0dat\u00e9 de Juin 2023.\u00a0<\/p><p>Et confirm\u00e9 par le CA de l&rsquo;OPH\u00a0<\/p>\t\t\t\t\t\t\t\t<\/div>\n\t\t\t\t<\/div>\n\t\t\t\t<\/div>\n\t\t\t\t\t<\/div>\n\t\t\t\t<\/div>\n\t\t\t\t\t<\/div>\n\t\t\t\t<\/div>\n\t\t<div class=\"elementor-element elementor-element-1d0caf4 e-flex e-con-boxed e-con e-parent\" data-id=\"1d0caf4\" data-element_type=\"container\" data-e-type=\"container\">\n\t\t\t\t\t<div class=\"e-con-inner\">\n\t\t\t\t<div class=\"elementor-element elementor-element-e384846 elementor-widget elementor-widget-text-editor\" data-id=\"e384846\" data-element_type=\"widget\" data-e-type=\"widget\" data-widget_type=\"text-editor.default\">\n\t\t\t\t<div class=\"elementor-widget-container\">\n\t\t\t\t\t\t\t\t\t<p>La r\u00e9novation sera men\u00e9e par Plaine Commune avec les deux bailleurs (OPH et RIVP).\u00a0<\/p><p>Elle sera confi\u00e9e \u00e0 un architecte coordinateur (\u00e0 nommer).\u00a0<\/p><p>La concertation est confi\u00e9e \u00e0 l&rsquo;agence <a href=\"https:\/\/www.respublica-conseil.fr\/\">RESPUBLICA<\/a>.<\/p><p>A noter: la municipalit\u00e9 \u00e0 engag\u00e9 une charte de la concertation pilot\u00e9e par l&rsquo;agence Voix Publique.\u00a0<\/p><p>La maison du projet est \u00ab\u00a0mobile\u00a0\u00bb<\/p>\t\t\t\t\t\t\t\t<\/div>\n\t\t\t\t<\/div>\n\t\t\t\t<div class=\"elementor-element elementor-element-e27cba0 elementor-widget-divider--view-line elementor-widget elementor-widget-divider\" data-id=\"e27cba0\" data-element_type=\"widget\" data-e-type=\"widget\" data-widget_type=\"divider.default\">\n\t\t\t\t<div class=\"elementor-widget-container\">\n\t\t\t\t\t\t\t<div class=\"elementor-divider\">\n\t\t\t<span class=\"elementor-divider-separator\">\n\t\t\t\t\t\t<\/span>\n\t\t<\/div>\n\t\t\t\t\t\t<\/div>\n\t\t\t\t<\/div>\n\t\t\t\t\t<\/div>\n\t\t\t\t<\/div>\n\t\t<div class=\"elementor-element elementor-element-e0e2d95 e-flex e-con-boxed e-con e-parent\" data-id=\"e0e2d95\" data-element_type=\"container\" data-e-type=\"container\">\n\t\t\t\t\t<div class=\"e-con-inner\">\n\t\t<div class=\"elementor-element elementor-element-604ea44 e-con-full e-flex e-con e-child\" data-id=\"604ea44\" data-element_type=\"container\" data-e-type=\"container\">\n\t\t\t\t<div class=\"elementor-element elementor-element-972ceef elementor-widget elementor-widget-text-editor\" data-id=\"972ceef\" data-element_type=\"widget\" data-e-type=\"widget\" data-widget_type=\"text-editor.default\">\n\t\t\t\t<div class=\"elementor-widget-container\">\n\t\t\t\t\t\t\t\t\t<p>Le 8 d\u00e9cembre 2023, le tribunal judiciaire de Bobigny a prononc\u00e9 la liquidation de la r\u00e9gie de quartier.\u00a0<\/p><p><a href=\"https:\/\/malanew.org\/wp-content\/uploads\/2024\/01\/bilanregie-1.pdf\">Notre d\u00e9claration.\u00a0<\/a><\/p>\t\t\t\t\t\t\t\t<\/div>\n\t\t\t\t<\/div>\n\t\t\t\t<\/div>\n\t\t<div class=\"elementor-element elementor-element-0085fb0 e-con-full e-flex e-con e-child\" data-id=\"0085fb0\" data-element_type=\"container\" data-e-type=\"container\">\n\t\t\t\t<div class=\"elementor-element elementor-element-049f32a elementor-widget elementor-widget-image\" data-id=\"049f32a\" data-element_type=\"widget\" data-e-type=\"widget\" data-widget_type=\"image.default\">\n\t\t\t\t<div class=\"elementor-widget-container\">\n\t\t\t\t\t\t\t\t\t\t\t\t\t\t\t<img decoding=\"async\" width=\"300\" height=\"173\" src=\"https:\/\/malanew.org\/wp-content\/uploads\/2024\/01\/regie-quartier-300x173.webp\" class=\"attachment-medium size-medium wp-image-863\" alt=\"\" srcset=\"https:\/\/malanew.org\/wp-content\/uploads\/2024\/01\/regie-quartier-300x173.webp 300w, https:\/\/malanew.org\/wp-content\/uploads\/2024\/01\/regie-quartier.webp 431w\" sizes=\"(max-width: 300px) 100vw, 300px\" \/>\t\t\t\t\t\t\t\t\t\t\t\t\t\t\t<\/div>\n\t\t\t\t<\/div>\n\t\t\t\t<\/div>\n\t\t\t\t\t<\/div>\n\t\t\t\t<\/div>\n\t\t<div class=\"elementor-element elementor-element-a79cacf e-flex e-con-boxed e-con e-parent\" data-id=\"a79cacf\" data-element_type=\"container\" data-e-type=\"container\">\n\t\t\t\t\t<div class=\"e-con-inner\">\n\t\t\t\t<div class=\"elementor-element elementor-element-d6c5deb elementor-widget elementor-widget-spacer\" data-id=\"d6c5deb\" data-element_type=\"widget\" data-e-type=\"widget\" data-widget_type=\"spacer.default\">\n\t\t\t\t<div class=\"elementor-widget-container\">\n\t\t\t\t\t\t\t<div class=\"elementor-spacer\">\n\t\t\t<div class=\"elementor-spacer-inner\"><\/div>\n\t\t<\/div>\n\t\t\t\t\t\t<\/div>\n\t\t\t\t<\/div>\n\t\t\t\t\t<\/div>\n\t\t\t\t<\/div>\n\t\t\t\t<\/div>\n\t\t","protected":false},"excerpt":{"rendered":"<p>2023 Grandes lignes du Projet NPNRU sur la Maladrerie:&nbsp; Destruction: 2 pavillons en regard de la parcelle Entra et la co-propri\u00e9t\u00e9 des Joyeux.&nbsp; Vente de 343 lots \u00e0 la RIVP, mais abandon de la vente \u00ab\u00a0\u00e0 la d\u00e9coupe\u00a0\u00bb.&nbsp; R\u00e9sidentialisation dont les d\u00e9tails seraient \u00e0 discuter.&nbsp; R\u00e9novation par l&rsquo;ext\u00e9rieur, locataires en place, sauf pour les pavillons [&hellip;]<\/p>\n","protected":false},"author":1,"featured_media":0,"parent":0,"menu_order":0,"comment_status":"closed","ping_status":"closed","template":"","meta":{"footnotes":""},"class_list":["post-719","page","type-page","status-publish","hentry"],"_links":{"self":[{"href":"https:\/\/malanew.org\/index.php?rest_route=\/wp\/v2\/pages\/719","targetHints":{"allow":["GET"]}}],"collection":[{"href":"https:\/\/malanew.org\/index.php?rest_route=\/wp\/v2\/pages"}],"about":[{"href":"https:\/\/malanew.org\/index.php?rest_route=\/wp\/v2\/types\/page"}],"author":[{"embeddable":true,"href":"https:\/\/malanew.org\/index.php?rest_route=\/wp\/v2\/users\/1"}],"replies":[{"embeddable":true,"href":"https:\/\/malanew.org\/index.php?rest_route=%2Fwp%2Fv2%2Fcomments&post=719"}],"version-history":[{"count":85,"href":"https:\/\/malanew.org\/index.php?rest_route=\/wp\/v2\/pages\/719\/revisions"}],"predecessor-version":[{"id":1570,"href":"https:\/\/malanew.org\/index.php?rest_route=\/wp\/v2\/pages\/719\/revisions\/1570"}],"wp:attachment":[{"href":"https:\/\/malanew.org\/index.php?rest_route=%2Fwp%2Fv2%2Fmedia&parent=719"}],"curies":[{"name":"wp","href":"https:\/\/api.w.org\/{rel}","templated":true}]}}